s the hundreds digit of 95796870?
8
What is the thousands digit of 155278726?
8
What is the ten thousands digit of 8804004?
0
What is the tens digit of 292242763?
6
What is the units digit of 307492779?
9
What is the tens digit of 679588868?
6
What is the units digit of 4062049367?
7
What is the tens digit of 862465547?
4
What is the ten millions digit of 1525374642?
2
What is the thousands digit of 3288790570?
0
What is the hundred millions digit of 147191590?
1
What is the hundred thousands digit of 28795273?
7
What is the thousands digit of 13807591?
7
What is the hundreds digit of 108922906?
9
What is the millions digit of 94103529?
4
What is the ten thousands digit of 2568151458?
5
What is the ten thousands digit of 21235434?
3
What is the hundreds digit of 6429464046?
0
What is the ten millions digit of 51976243?
5
What is the hundred thousands digit of 84779889?
7
What is the hundreds digit of 120091241?
2
What is the billions digit of 8069111396?
8
What is the tens digit of 115133570?
7
What is the tens digit of 541298193?
9
What is the ten thousands digit of 81276483?
7
What is the hundreds digit of 30392668?
6
What is the hundred thousands digit of 76627442?
6
What is the units digit of 128272830?
0
What is the thousands digit of 94074021?
4
What is the thousands digit of 225788681?
8
What is the hundred thousands digit of 941619150?
6
What is the tens digit of 522117483?
8
What is the hundred thousands digit of 1490451041?
4
What is the ten thousands digit of 4778760390?
6
What is the ten thousands digit of 60614489?
1
What is the units digit of 1004151396?
6
What is the units digit of 35795869?
9
What is the billions digit of 1480383575?
1
What is the units digit of 360717383?
3
What is the ten thousands digit of 1541930374?
3
What is the units digit of 711039434?
4
What is the units digit of 380807165?
5
What is the tens digit of 33420164?
6
What is the millions digit of 41121568?
1
What is the hundreds digit of 43223639?
6
What is the thousands digit of 561530521?
0
What is the hundred millions digit of 286513149?
2
What is the units digit of 3080628075?
5
What is the tens digit of 57291943?
4
What is the hundred millions digit of 2031930649?
0
What is the units digit of 2480300627?
7
What is the hundred thousands digit of 8038571?
0
What is the hundred thousands digit of 13940811?
9
What is the hundred thousands digit of 77130570?
1
What is the hundred thousands digit of 114125552?
1
What is the tens digit of 310921841?
4
What is the hundreds digit of 4942700?
7
What is the tens digit of 34239463?
6
What is the hundred thousands digit of 11523284?
5
What is the hundreds digit of 821082674?
6
What is the thousands digit of 17525376?
5
What is the units digit of 20006825?
5
What is the units digit of 23752623?
3
What is the units digit of 3464338929?
9
What is the hundreds digit of 3973496306?
3
What is the tens digit of 10982925?
2
What is the billions digit of 2656684701?
2
What is the ten millions digit of 360685554?
6
What is the millions digit of 3057729756?
7
What is the ten millions digit of 3879948386?
7
What is the ten millions digit of 117668477?
1
What is the hundred thousands digit of 56152066?
1
What is the thousands digit of 29515007?
5
What is the hundred thousands digit of 114737931?
7
What is the tens digit of 28350343?
4
What is the units digit of 121804986?
6
What is the tens digit of 866201542?
4
What is the ten millions digit of 114601885?
1
What is the millions digit of 2659103095?
9
What is the tens digit of 123242557?
5
What is the millions digit of 82347249?
2
What is the ten thousands digit of 280543984?
4
What is the millions digit of 60797547?
0
What is the billions digit of 3905921866?
3
What is the thousands digit of 888058397?
8
What is the thousands digit of 2386577858?
7
What is the hundred thousands digit of 56160187?
1
What is the units digit of 8351546546?
6
What is the thousands digit of 15523844?
3
What is the thousands digit of 357331873?
1
What is the hundreds digit of 176655044?
0
What is the hundreds digit of 2035229778?
7
What is the units digit of 34213795?
5
What is the hundreds digit of 3124393452?
4
What is the tens digit of 2564613155?
5
What is the tens digit of 3515154837?
3
What is the thousands digit of 1126745207?
5
What is the ten thousands digit of 30245012?
4
What is the ten thousands digit of 86761902?
6
What is the ten thousands digit of 2974866862?
6
What is the millions digit of 1171235748?
1
What is the units digit of 28771846?
6
What is the tens digit of 136524014?
1
What is the hundreds digit of 561239747?
7
What is the tens digit of 4499430?
3
What is the hundreds digit of 81109547?
5
What is the units digit of 540808927?
7
What is the ten millions digit of 235872828?
3
What is the millions digit of 1436968219?
6
What is the hundreds digit of 3681620029?
0
What is the tens digit of 65562610?
1
What is the ten millions digit of 5679320086?
7
What is the millions digit of 44287136?
4
What is the ten thousands digit of 7764970421?
7
What is the units digit of 5909035?
5
What is the thousands digit of 754953699?
3
What is the units digit of 207696119?
9
What is the hundreds digit of 104566914?
9
What is the hundred thousands digit of 39615028?
6
What is the hundred thousands digit of 17635486?
6
What is the ten thousands digit of 135672105?
7
What is the hundreds digit of 499988911?
9
What is the hundred millions digit of 4094217325?
0
What is the hundred thousands digit of 7767455445?
4
What is the hundred thousands digit of 119562331?
5
What is the hundred thousands digit of 71661821?
6
What is the units digit of 44494246?
6
What is the ten thousands digit of 430305176?
0
What is the millions digit of 4353144280?
3
What is the hundred thousands digit of 490890421?
8
What is the hundred thousands digit of 3043273588?
2
What is the units digit of 20074865?
5
What is the millions digit of 85484824?
5
What is the hundred thousands digit of 59959128?
9
What is the hundred millions digit of 1934812139?
9
What is the hundred thousands digit of 7178524?
1
What is the ten thousands digit of 755136007?
3
What is the hundreds digit of 3626061843?
8
What is the ten thousands digit of 454506527?
0
What is the hundreds digit of 72913708?
7
What is the units digit of 2210627426?
6
What is the units digit of 43389183?
3
What is the hundreds digit of 26529020?
0
What is the thousands digit of 762019965?
9
What is the units digit of 215506642?
2
What is the ten thousands digit of 577823152?
2
What is the tens digit of 31549351?
5
What is the thousands digit of 7378579932?
9
What is the units digit of 739708862?
2
What is the thousands digit of 664578668?
8
What is the ten millions digit of 80466875?
8
What is the hundred millions digit of 629454077?
6
What is the hundred thousands digit of 281983549?
9
What is the ten thousands digit of 814782052?
8
What is the thousands digit of 6730180?
0
What is the ten thousands digit of 3331245?
3
What is the thousands digit of 23995071?
5
What is the hundreds digit of 7846997?
9
What is the millions digit of 67154759?
7
What is the hundred thousands digit of 65198900?
1
What is the units digit of 623358925?
5
What is the tens digit of 147923008?
0
What is the hundreds digit of 484171585?
5
What is the billions digit of 2835803160?
2
What is the hundred thousands digit of 1216774684?
7
What is the tens digit of 761896470?
7
What is the units digit of 72323463?
3
What is the hundreds digit of 624240016?
0
What is the hundred millions digit of 219615882?
2
What is the hundreds digit of 454656776?
7
What is the ten thousands digit of 47685142?
8
What is the ten millions digit of 698753455?
9
What is the hundreds digit of 13940025?
0
What is the thousands digit of 188771918?
1
What is the millions digit of 552818843?
2
What is the millions digit of 111341240?
1
What is the ten thousands digit of 356384909?
8
What is the ten millions digit of 15773072?
1
What is the millions digit of 42716899?
2
What is the hundreds digit of 434377790?
7
What is the ten thousands digit of 4139454805?
5
What is the thousands digit of 1670056757?
6
What is the ten thousands digit of 213176039?
7
What is the millions digit of 185147908?
5
What is the hundred millions d